Suppose 550 = 4*s + 21*s. What is the greatest common divisor of s and 33?
11
Suppose 0*j + 7*j = 21. Suppose -j*l - 12 = 0, -3*i - l = i - 108. What is the greatest common factor of i and 140?
28
Suppose -g + 2*k + 52 = 0, 0*k + 160 = 3*g - 4*k. What is the greatest common factor of g and 154?
14
Let r(v) = -2*v**2 + 34*v + 126. Let u be r(17). What is the highest common divisor of 35 and u?
7
Suppose 2*g - 136 + 12 = 0. Suppose 4*b + 4*n - 26 = g, 4*b - 5*n - 70 = 0. What is the greatest common factor of 180 and b?
20
Suppose 2*u - j + 24 = -0*u, 32 = -2*u - 3*j. Let g = u - -40. Let f = 28 + -19. Calculate the greatest common factor of g and f.
9
Let l(h) = 6*h - 8. Let r be l(6). Let c(d) = 2*d**2 + 3*d + 5. Let s be c(-2). Calculate the highest common factor of s and r.
7
Let z = -18 - 0. Let x = 18 + z. Suppose 17*u - 22*u + 110 = x. What is the highest common factor of u and 55?
11
Let o = -4299 - -4323. Let g = -2 + 8. What is the highest common factor of g and o?
6
Let u = 30 - 6. Suppose -4*m + 7*m = 15. Suppose 176 - 56 = m*i. What is the highest common factor of i and u?
24
Let j = -15 + 22. Let i = j + -13. Let z be 4*(-3 - i - -1). What is the highest common factor of 2 and z?
2
Suppose 200 = 3*h + 4*z, 3*z - 50 - 276 = -5*h. Calculate the greatest common factor of h and 2.
2
Suppose 4*p - 2*o - 113 = -3*o, 5*o = 25. Suppose -5*h - 4*u = -10, -3*u - 1 - 26 = -2*h. Calculate the highest common divisor of h and p.
3
Let f(t) = -2*t**2 - 13*t + 29. Let a be f(-8). Suppose a*w - b - 189 = -19, 0 = -2*w - b + 68. What is the highest common divisor of 51 and w?
17
Let y(o) = o**2 - 8*o. Let r be y(6). Suppose -2*l - 5 = 5*j, -2*j + 11 = -3*l - 6. Let z = l - r. Calculate the greatest common factor of z and 7.
7
Suppose -4*a - 4*t + 540 = 0, -186 = -3*a - 2*t + 224. Calculate the highest common factor of 35 and a.
35
Let j be 294/4 - 35/(-10). Calculate the greatest common factor of j and 11.
11
Let p be 3*((-6)/9 + 1). Let a = 79 - p. Calculate the greatest common factor of a and 52.
26
Suppose -u + 304*r + 370 = 302*r, -u + 3*r + 366 = 0. What is the greatest common divisor of u and 108?
54
Let f(i) = -i**3 + 7*i**2 - 7*i + 7. Let z be f(6). Let d be ((-34)/(-85))/(z/(-65)). Let h = 59 + d. What is the highest common factor of h and 66?
33
Let x = 382 + -324. Calculate the greatest common factor of x and 261.
29
Let j = -113 + 120. Let w be (21/2)/(12/16). What is the greatest common divisor of w and j?
7
Let r = 1340 - 1336. Suppose -2*o - 131 = -3*z, -33 = -2*z - 2*o + 61. Suppose -2*i = -z - 43. What is the greatest common divisor of r and i?
4
Suppose 87*s = 180 + 81. Calculate the highest common factor of 69 and s.
3
Let o = 151 + -106. What is the greatest common factor of 30 and o?
15
Let k be (-334)/(-8) + (-2)/(-8). Suppose -2*p + 9 = 87. Let z be (-6)/p - (-1363)/13. What is the highest common divisor of z and k?
21
Suppose -4*n + 3785 = -b, -21*b + 17*b = -3*n + 2842. Calculate the greatest common factor of 258 and n.
86
Let a = 33 + -20. Let m(y) = y**3 - 12*y**2 - 12*y + 11. Let b be m(a). Suppose 5*u - q = 18, 0 = -3*u - 2*q - q. What is the highest common divisor of b and u?
3
Let x = -970 - -984. What is the greatest common divisor of x and 287?
7
Let r = -10 + 10. Suppose 5*j - 25 = -r*j. Suppose -f = j*d - 2*f - 98, -4*d + f = -79. Calculate the highest common divisor of d and 133.
19
Suppose -848 = -4*l + 5*t, 10*l + 442 = 12*l + 2*t. What is the greatest common factor of l and 155?
31
Suppose 23*c - 13*c - 30 = 0. Calculate the greatest common divisor of 96 and c.
3
Let g(s) = -8*s + 6. Let q be g(-3). Calculate the highest common factor of q and 38.
2
Suppose -3*m + 0*a + 567 = -2*a, 0 = 2*m + a - 371. Let j = -107 + m. Calculate the greatest common factor of j and 16.
16
Suppose 5*d - 661873 + 240893 = 0. Let n be d/20 - 2/(-10). Let t be n/50 + (-1)/5. What is the greatest common factor of 12 and t?
12
Suppose -2940*y + 2951*y = 308. What is the highest common factor of 518 and y?
14
Suppose -4*g - u + 658 = 0, 5*u = g + 2*g - 505. Let w(h) = 2*h + 1. Suppose 0 = 3*c - 31 + 10. Let o be w(c). Calculate the greatest common factor of g and o.
15
Let h = 239 + -115. Suppose 3*d = 335 + h. Calculate the highest common factor of 17 and d.
17
Suppose 5*h - 1 + 8 = 4*b, h + 3*b - 10 = 0. Let y be (-8)/5*(7 - 2). Let r = y - -10. Calculate the greatest common factor of h and r.
1
Let g be 46 + 94 + (-1 - -1). What is the highest common divisor of 1260 and g?
140
Let z be (-722)/190*(-7 - -2). Calculate the highest common factor of z and 1083.
19
Suppose 63*l + 8 = 59*l, 4*v - 3*l = 86. Let x = -8 + 58. What is the highest common factor of x and v?
10
Let r(z) = -z**3 + 4*z**2 + 100*z + 12. Let i be r(10). Calculate the highest common factor of 515 and i.
103
Let d be 14/(-35) + 244/10. Let k = d + -22. Suppose -k*p = 2*p - 84. Calculate the highest common factor of p and 63.
21
Let j(r) = 2*r**2 - 6*r + 12. Let q be j(6). Let g = 19 + 61. Suppose 5*n - g = -4*c, 4*n - 2*c + 0*c = 64. What is the greatest common factor of n and q?
16
Suppose v - 3*h = h + 230, -3*v + 2*h = -710. Calculate the highest common factor of 14 and v.
14
Let q = -43 + 47. What is the greatest common divisor of q and 18?
2
Let k(r) = -r**2 - 22*r - 42. Let f be k(-15). Calculate the greatest common factor of 14 and f.
7
Let o = -139 + 283. Suppose y + 5*y - o = 0. What is the highest common factor of 192 and y?
24
Let j(b) = -b**2 - 4*b - 3. Let i be j(-2). Let a(s) = 4*s. Let d be a(1). Let p(l) = -l + 5. Let w be p(d). What is the greatest common factor of w and i?
1
Suppose -2*n + 51 = -813. Calculate the greatest common divisor of 16 and n.
16
Let t = -375 - -611. What is the greatest common factor of 59 and t?
59
Let p be (-3 - 133/2)*2*-1. Suppose -13 - p = -5*c - q, -2*c + 2*q + 56 = 0. What is the highest common factor of c and 30?
30
Suppose 6*o = 8*o + 3*r - 1554, 2*r = -5*o + 3885. Calculate the highest common factor of o and 21.
21
Let h = -10 - -28. Suppose -3*q + 292 = -5*k, 3*q = 9*k - 5*k + 293. Suppose n - q - h = 0. Calculate the highest common factor of 13 and n.
13
Suppose 686 + 34 = 5*s. Calculate the highest common factor of 3 and s.
3
Suppose -11840 = 40*d - 104*d. Calculate the highest common divisor of 333 and d.
37
Let r be (-1)/(-4) + (-110)/(-8). Let f(v) = -10*v - 28. Let w be f(-8). Suppose -w = -c + r. Calculate the greatest common divisor of 6 and c.
6
Let z(b) = -2*b**3 + 30*b**2 + 136*b - 3. Let f be z(-4). Suppose 2*s + 1283 = 3*q, 2*q + 342 = 3*s + 1199. What is the greatest common factor of f and q?
61
Let y = -273 - -476. Calculate the highest common factor of y and 87.
29
Let b(w) = -5*w - 6. Let t be b(-4). Suppose -a = a - t. Suppose 0 = -y + 4*x + 22, 2*x + 32 = y + y. Calculate the highest common divisor of y and a.
7
Let w be ((0 - -62) + 1)/(-3 - -4). What is the highest common factor of 54 and w?
9
Suppose 4*a - 268 = -2*z, 11*a - 10*a = 4*z + 76. Calculate the greatest common divisor of 170 and a.
34
Suppose 0 = -4*d - 2 + 34. Let g be (-14)/(-42) + 14/(-6). Let q be (-13 - 3)/(g/11). What is the greatest common divisor of d and q?
8
Let b be (-2 + 0 + -2)*4/8. Let l be (b/(-2))/((-1)/(-3)). Calculate the greatest common divisor of 2 and l.
1
Let u be (-6)/(((-81)/(-6))/(-9)). Suppose 4*p = p + w + 220, -4*w = u*p - 320. What is the highest common divisor of p and 15?
15
Let a be (69 + 66)*3/5. Calculate the highest common divisor of 567 and a.
81
Let h(r) = 4*r - 2. Let s be h(5). What is the greatest common factor of 6 and s?
6
Let r be (-780)/(-91) + -8 - (-255)/7. Calculate the highest common factor of 111 and r.
37
Suppose 3*h + 14*r - 6 = 11*r, 2*h = r + 16. What is the greatest common divisor of 17 and h?
1
Let j be (-1)/3 - 34/(-3). Let m(c) = 3*c**2 - 10*c - 3. Suppose -14*w = -15*w + 5. Let z be m(w). What is the greatest common divisor of z and j?
11
Let r = -208 + 664. Calculate the highest common factor of r and 95.
19
Suppose y + w - 38 = 0, -w + 8 = -5*w. Let m be 0 + 16 + 2/2. Suppose -4*n = n + 4*k - 28, -3*k = -n + m. Calculate the greatest common divisor of y and n.
8
Let v(j) = 57*j**2 - 10*j - 3. Let z be v(-5). Calculate the highest common factor of 46 and z.
46
Let a = 5 +